{"id":56,"date":"2022-01-29T13:28:18","date_gmt":"2022-01-29T12:28:18","guid":{"rendered":"https:\/\/on-the-spot.nl\/gks2022\/?page_id=56"},"modified":"2022-10-09T14:04:28","modified_gmt":"2022-10-09T12:04:28","slug":"voorwoord","status":"publish","type":"page","link":"https:\/\/on-the-spot.nl\/gks2022\/voorwoord\/","title":{"rendered":"Voorwoord door Marjolein Moorman"},"content":{"rendered":"\t\t<div data-elementor-type=\"wp-page\" data-elementor-id=\"56\" class=\"elementor elementor-56\" data-elementor-post-type=\"page\">\n\t\t\t\t\t\t<section class=\"elementor-section elementor-top-section elementor-element elementor-element-0252f2e elementor-section-boxed elementor-section-height-default elementor-section-height-default\" data-id=\"0252f2e\" data-element_type=\"section\" data-e-type=\"section\" data-settings=\"{&quot;background_background&quot;:&quot;gradient&quot;}\">\n\t\t\t\t\t\t<div class=\"elementor-container elementor-column-gap-default\">\n\t\t\t\t\t<div class=\"elementor-column elementor-col-50 elementor-top-column elementor-element elementor-element-9998a36\" data-id=\"9998a36\" data-element_type=\"column\" data-e-type=\"column\" data-settings=\"{&quot;background_background&quot;:&quot;classic&quot;}\">\n\t\t\t<div class=\"elementor-widget-wrap elementor-element-populated\">\n\t\t\t\t\t\t<div class=\"elementor-element elementor-element-24b0077 elementor-widget elementor-widget-image\" data-id=\"24b0077\" data-element_type=\"widget\" data-e-type=\"widget\" data-widget_type=\"image.default\">\n\t\t\t\t<div class=\"elementor-widget-container\">\n\t\t\t\t\t\t\t\t\t\t\t\t\t\t\t<img fetchpriority=\"high\" decoding=\"async\" width=\"250\" height=\"250\" src=\"https:\/\/on-the-spot.nl\/gks2022\/wp-content\/uploads\/2022\/10\/zwanger01-1.svg\" class=\"attachment-large size-large wp-image-1471\" alt=\"\" \/>\t\t\t\t\t\t\t\t\t\t\t\t\t\t\t<\/div>\n\t\t\t\t<\/div>\n\t\t\t\t\t<\/div>\n\t\t<\/div>\n\t\t\t\t<div class=\"elementor-column elementor-col-50 elementor-top-column elementor-element elementor-element-50d571d\" data-id=\"50d571d\" data-element_type=\"column\" data-e-type=\"column\" data-settings=\"{&quot;background_background&quot;:&quot;classic&quot;}\">\n\t\t\t<div class=\"elementor-widget-wrap elementor-element-populated\">\n\t\t\t\t\t\t<div class=\"elementor-element elementor-element-6e20523 elementor-widget elementor-widget-heading\" data-id=\"6e20523\" data-element_type=\"widget\" data-e-type=\"widget\" data-widget_type=\"heading.default\">\n\t\t\t\t<div class=\"elementor-widget-container\">\n\t\t\t\t\t<h3 class=\"elementor-heading-title elementor-size-default\">Voorwoord door Marjolein  Moorman<\/h3>\t\t\t\t<\/div>\n\t\t\t\t<\/div>\n\t\t\t\t\t<\/div>\n\t\t<\/div>\n\t\t\t\t\t<\/div>\n\t\t<\/section>\n\t\t\t\t<section class=\"elementor-section elementor-top-section elementor-element elementor-element-844bd27 elementor-reverse-mobile elementor-section-boxed elementor-section-height-default elementor-section-height-default\" data-id=\"844bd27\" data-element_type=\"section\" data-e-type=\"section\">\n\t\t\t\t\t\t<div class=\"elementor-container elementor-column-gap-default\">\n\t\t\t\t\t<div class=\"elementor-column elementor-col-100 elementor-top-column elementor-element elementor-element-21d3d39\" data-id=\"21d3d39\" data-element_type=\"column\" data-e-type=\"column\" data-settings=\"{&quot;background_background&quot;:&quot;classic&quot;}\">\n\t\t\t<div class=\"elementor-widget-wrap elementor-element-populated\">\n\t\t\t\t\t\t<div class=\"elementor-element elementor-element-af2ac97 elementor-widget elementor-widget-image\" data-id=\"af2ac97\" data-element_type=\"widget\" data-e-type=\"widget\" data-widget_type=\"image.default\">\n\t\t\t\t<div class=\"elementor-widget-container\">\n\t\t\t\t\t\t\t\t\t\t\t\t\t\t\t<img decoding=\"async\" width=\"1280\" height=\"509\" src=\"https:\/\/on-the-spot.nl\/gks2022\/wp-content\/uploads\/2022\/10\/Marjolein-Moorman-artikel-banner.jpg\" class=\"attachment-large size-large wp-image-1088\" alt=\"\" srcset=\"https:\/\/on-the-spot.nl\/gks2022\/wp-content\/uploads\/2022\/10\/Marjolein-Moorman-artikel-banner.jpg 1280w, https:\/\/on-the-spot.nl\/gks2022\/wp-content\/uploads\/2022\/10\/Marjolein-Moorman-artikel-banner-768x305.jpg 768w\" sizes=\"(max-width: 1280px) 100vw, 1280px\" \/>\t\t\t\t\t\t\t\t\t\t\t\t\t\t\t<\/div>\n\t\t\t\t<\/div>\n\t\t\t\t<section class=\"elementor-section elementor-inner-section elementor-element elementor-element-e2aa3fd elementor-section-boxed elementor-section-height-default elementor-section-height-default\" data-id=\"e2aa3fd\" data-element_type=\"section\" data-e-type=\"section\" data-settings=\"{&quot;background_background&quot;:&quot;gradient&quot;}\">\n\t\t\t\t\t\t<div class=\"elementor-container elementor-column-gap-default\">\n\t\t\t\t\t<div class=\"elementor-column elementor-col-100 elementor-inner-column elementor-element elementor-element-e42fd81\" data-id=\"e42fd81\" data-element_type=\"column\" data-e-type=\"column\" data-settings=\"{&quot;background_background&quot;:&quot;classic&quot;}\">\n\t\t\t<div class=\"elementor-widget-wrap elementor-element-populated\">\n\t\t\t\t\t\t<div class=\"elementor-element elementor-element-c884b59 elementor-widget elementor-widget-heading\" data-id=\"c884b59\" data-element_type=\"widget\" data-e-type=\"widget\" data-widget_type=\"heading.default\">\n\t\t\t\t<div class=\"elementor-widget-container\">\n\t\t\t\t\t<h5 class=\"elementor-heading-title elementor-size-default\">Marjolein Moorman<\/h5>\t\t\t\t<\/div>\n\t\t\t\t<\/div>\n\t\t\t\t\t<\/div>\n\t\t<\/div>\n\t\t\t\t\t<\/div>\n\t\t<\/section>\n\t\t\t\t\t<\/div>\n\t\t<\/div>\n\t\t\t\t\t<\/div>\n\t\t<\/section>\n\t\t\t\t<section class=\"elementor-section elementor-top-section elementor-element elementor-element-58bc491 elementor-reverse-mobile elementor-section-boxed elementor-section-height-default elementor-section-height-default\" data-id=\"58bc491\" data-element_type=\"section\" data-e-type=\"section\">\n\t\t\t\t\t\t<div class=\"elementor-container elementor-column-gap-default\">\n\t\t\t\t\t<div class=\"elementor-column elementor-col-100 elementor-top-column elementor-element elementor-element-842d250\" data-id=\"842d250\" data-element_type=\"column\" data-e-type=\"column\" data-settings=\"{&quot;background_background&quot;:&quot;classic&quot;}\">\n\t\t\t<div class=\"elementor-widget-wrap elementor-element-populated\">\n\t\t\t\t\t\t<div class=\"elementor-element elementor-element-be755ec elementor-widget elementor-widget-heading\" data-id=\"be755ec\" data-element_type=\"widget\" data-e-type=\"widget\" data-widget_type=\"heading.default\">\n\t\t\t\t<div class=\"elementor-widget-container\">\n\t\t\t\t\t<h1 class=\"elementor-heading-title elementor-size-default\">\u2018Kansrijke start verdient onze volle aandacht\u2019<\/h1>\t\t\t\t<\/div>\n\t\t\t\t<\/div>\n\t\t\t\t<div class=\"elementor-element elementor-element-8110c97 elementor-widget elementor-widget-text-editor\" data-id=\"8110c97\" data-element_type=\"widget\" data-e-type=\"widget\" data-widget_type=\"text-editor.default\">\n\t\t\t\t<div class=\"elementor-widget-container\">\n\t\t\t\t\t\t\t\t\t<p><strong>Beste zorgverlener, hulpverlener, ervaringsdeskundige, beleidsmaker, bestuurder, betrokken Amsterdammer,<\/strong><\/p><p>Deze week is het de Week van de Gezonde en Kansrijke Start. Jij bent \u00e9\u00e9n van de vele deelnemers die bij \u00e9\u00e9n of meerdere programmaonderdelen aanwezig zullen zijn. Uit jouw aanwezigheid spreekt grote betrokkenheid met dit onderwerp. Dank dat je er bij bent om te leren, om jouw kennis te delen, om uit te wisselen met jouw collega\u2019s. Jouw inzet kan voor veel kwetsbare ouders in de stad het verschil maken. In dit digitale magazine kan je aan het einde van iedere dag van de week lezen wat er zoal besproken is die dag. Doe er je voordeel mee, en zoek elkaar op, niet alleen tijdens deze week maar ook daarna. Hopelijk gaan we belangrijke stappen zetten. Maar ons werk is nooit af.<\/p><p>Het programma Gezonde en Kansrijke start is er gekomen vanuit een gezamenlijk gedeelde \u2013 stedelijke maar ook landelijke \u2013 visie dat voorkomen in veel gevallen beter is dan genezen. We weten intussen uit onderzoek dat de eerste duizend dagen van een kind cruciaal zijn voor die gezonde en kansrijke start. Hebben ouders in die periode toegang tot de juiste zorg en ondersteuning? Hebben ze voldoende rust en ruimte om een gezonde zwangerschap te doorlopen? Leven ze in veilige omstandigheden om een kindje op te laten groeien? Dat bepaalt voor een groot deel de verdere ontwikkeling van hun kindje. Een kans op een gezond, voorspoedig en succesvol leven. Goed voor het gezin, goed voor het individuele kind, maar ook goed voor onze samenleving. Een kind dat zonder zorgen opgroeit, kan in een later leven veel betekenen voor onze samenleving.<\/p><p>Daarom verdient die kansrijke start onze volle aandacht. Het thema deze week is bestaanszekerheid. Een zekerheid die voor veel Amsterdammers niet vanzelfsprekend is. Juist in het huidige tijdsgewricht vormen de verschillende opeenvolgende crises een grote bedreiging voor die verworvenheid. Steeds meer Amsterdammers kunnen hun rekeningen niet meer betalen. Steeds meer Amsterdammers zitten in de kou. Bij sommigen gaat het licht uit met de oplopende energiekosten. Letterlijk. De voedselbanken bedienen steeds meer Amsterdammers. De meest basale randvoorwaarden voor een goede start lopen op dit moment groot gevaar. Hoeveel zorgen moet dat geven als je onder deze omstandigheden zwanger bent? Of als je net bevallen bent en het beste wenst voor je kindje? Deze zorgen zijn niet gezond voor de ouders, maar zeker niet voor het kind. Niet alleen nu, maar ook in het latere leven ondervindt het kind schade van een ongezonde start. Daar moeten we nu dus wat aan doen!<\/p><p>Net als kansengelijkheid is bestaanszekerheid niet gelijkmatig verdeeld over de stad. Deze week werken we in drie stadsdeelbijeenkomsten aan manieren om te kijken hoe we kwetsbare (aanstaande) ouders Amsterdammers in Zuidoost, Nieuw-West en Noord beter kunnen ondersteunen bij de eerste 1000 dagen van hun kindje. Tijdens de afsluitende werkconferentie gaan we al onze inzichten met elkaar delen en kijken wat we concreet kunnen doen. Niet alleen op de langere termijn, maar ook gelijk morgen.<\/p><p>Ondanks alle zorgen ben ik voorzichtig positief gestemd. Ik ben er trots op dat we zoveel goede professionals in de stad hebben die klaar staan voor de kwetsbare Amsterdammers die zeker nu, extra hulp nodig hebben. Ik hoop dat deze week jullie handvatten gaat geven om met trots en plezier jullie belangrijke werk te blijven doen \u2013 met een belangrijk gezamenlijke doel: een gezonde en kansrijke start voor ieder Amsterdams kind!<\/p><p>Met hartelijke groet,<br \/><strong>Marjolein Moorman,<\/strong><br \/><strong>Wethouder Onderwijs, Jeugd(zorg), Armoedebestrijding &amp; Schuldhulpverlening, Masterplan Zuidoost<\/strong><\/p>\t\t\t\t\t\t\t\t<\/div>\n\t\t\t\t<\/div>\n\t\t\t\t\t<\/div>\n\t\t<\/div>\n\t\t\t\t\t<\/div>\n\t\t<\/section>\n\t\t\t\t<section class=\"elementor-section elementor-top-section elementor-element elementor-element-6a9db00 elementor-section-boxed elementor-section-height-default elementor-section-height-default\" data-id=\"6a9db00\" data-element_type=\"section\" data-e-type=\"section\">\n\t\t\t\t\t\t<div class=\"elementor-container elementor-column-gap-default\">\n\t\t\t\t\t<div class=\"elementor-column elementor-col-100 elementor-top-column elementor-element elementor-element-e15ef73\" data-id=\"e15ef73\" data-element_type=\"column\" data-e-type=\"column\">\n\t\t\t<div class=\"elementor-widget-wrap elementor-element-populated\">\n\t\t\t\t\t\t<div class=\"elementor-element elementor-element-99c4fe0 elementor-widget elementor-widget-spacer\" data-id=\"99c4fe0\" data-element_type=\"widget\" data-e-type=\"widget\" data-widget_type=\"spacer.default\">\n\t\t\t\t<div class=\"elementor-widget-container\">\n\t\t\t\t\t\t\t<div class=\"elementor-spacer\">\n\t\t\t<div class=\"elementor-spacer-inner\"><\/div>\n\t\t<\/div>\n\t\t\t\t\t\t<\/div>\n\t\t\t\t<\/div>\n\t\t\t\t\t<\/div>\n\t\t<\/div>\n\t\t\t\t\t<\/div>\n\t\t<\/section>\n\t\t\t\t<\/div>\n\t\t","protected":false},"excerpt":{"rendered":"<p>Voorwoord door Marjolein Moorman Marjolein Moorman \u2018Kansrijke start verdient onze volle aandacht\u2019 Beste zorgverlener, hulpverlener, ervaringsdeskundige, beleidsmaker, bestuurder, betrokken Amsterdammer, Deze week is het de Week van de Gezonde en Kansrijke Start. Jij bent \u00e9\u00e9n van de vele deelnemers die bij \u00e9\u00e9n of meerdere programmaonderdelen aanwezig zullen zijn. Uit jouw aanwezigheid spreekt grote betrokkenheid met [&hellip;]<\/p>\n","protected":false},"author":1,"featured_media":0,"parent":0,"menu_order":10,"comment_status":"closed","ping_status":"closed","template":"elementor_header_footer","meta":{"inline_featured_image":false,"footnotes":""},"class_list":["post-56","page","type-page","status-publish","hentry"],"_links":{"self":[{"href":"https:\/\/on-the-spot.nl\/gks2022\/wp-json\/wp\/v2\/pages\/56","targetHints":{"allow":["GET"]}}],"collection":[{"href":"https:\/\/on-the-spot.nl\/gks2022\/wp-json\/wp\/v2\/pages"}],"about":[{"href":"https:\/\/on-the-spot.nl\/gks2022\/wp-json\/wp\/v2\/types\/page"}],"author":[{"embeddable":true,"href":"https:\/\/on-the-spot.nl\/gks2022\/wp-json\/wp\/v2\/users\/1"}],"replies":[{"embeddable":true,"href":"https:\/\/on-the-spot.nl\/gks2022\/wp-json\/wp\/v2\/comments?post=56"}],"version-history":[{"count":178,"href":"https:\/\/on-the-spot.nl\/gks2022\/wp-json\/wp\/v2\/pages\/56\/revisions"}],"predecessor-version":[{"id":3581,"href":"https:\/\/on-the-spot.nl\/gks2022\/wp-json\/wp\/v2\/pages\/56\/revisions\/3581"}],"wp:attachment":[{"href":"https:\/\/on-the-spot.nl\/gks2022\/wp-json\/wp\/v2\/media?parent=56"}],"curies":[{"name":"wp","href":"https:\/\/api.w.org\/{rel}","templated":true}]}}