{"id":1959,"date":"2023-11-01T15:08:45","date_gmt":"2023-11-01T14:08:45","guid":{"rendered":"https:\/\/on-the-spot.nl\/schoolaanwezigheid\/?page_id=1959"},"modified":"2023-12-01T13:12:43","modified_gmt":"2023-12-01T12:12:43","slug":"voorwoord","status":"publish","type":"page","link":"https:\/\/on-the-spot.nl\/schoolaanwezigheid\/voorwoord\/","title":{"rendered":"Voorwoord"},"content":{"rendered":"\t\t<div data-elementor-type=\"wp-page\" data-elementor-id=\"1959\" class=\"elementor elementor-1959\" data-elementor-post-type=\"page\">\n\t\t\t\t\t\t<section class=\"elementor-section elementor-top-section elementor-element elementor-element-dbad8b5 elementor-section-stretched elementor-section-boxed elementor-section-height-default elementor-section-height-default\" data-id=\"dbad8b5\" data-element_type=\"section\" data-e-type=\"section\" data-settings=\"{&quot;background_background&quot;:&quot;classic&quot;,&quot;stretch_section&quot;:&quot;section-stretched&quot;}\">\n\t\t\t\t\t\t<div class=\"elementor-container elementor-column-gap-default\">\n\t\t\t\t\t<div class=\"elementor-column elementor-col-100 elementor-top-column elementor-element elementor-element-c7cfbb6\" data-id=\"c7cfbb6\" data-element_type=\"column\" data-e-type=\"column\" data-settings=\"{&quot;background_background&quot;:&quot;classic&quot;}\">\n\t\t\t<div class=\"elementor-widget-wrap elementor-element-populated\">\n\t\t\t\t\t\t<section class=\"elementor-section elementor-inner-section elementor-element elementor-element-ff245e5 elementor-section-boxed elementor-section-height-default elementor-section-height-default\" data-id=\"ff245e5\" data-element_type=\"section\" data-e-type=\"section\">\n\t\t\t\t\t\t<div class=\"elementor-container elementor-column-gap-default\">\n\t\t\t\t\t<div class=\"elementor-column elementor-col-100 elementor-inner-column elementor-element elementor-element-80df1cf\" data-id=\"80df1cf\" data-element_type=\"column\" data-e-type=\"column\" data-settings=\"{&quot;background_background&quot;:&quot;classic&quot;}\">\n\t\t\t<div class=\"elementor-widget-wrap elementor-element-populated\">\n\t\t\t\t\t\t<div class=\"elementor-element elementor-element-ecb988e elementor-widget elementor-widget-heading\" data-id=\"ecb988e\" data-element_type=\"widget\" data-e-type=\"widget\" data-widget_type=\"heading.default\">\n\t\t\t\t<div class=\"elementor-widget-container\">\n\t\t\t\t\t<div class=\"elementor-heading-title elementor-size-default\">Voorwoord<\/div>\t\t\t\t<\/div>\n\t\t\t\t<\/div>\n\t\t\t\t\t<\/div>\n\t\t<\/div>\n\t\t\t\t\t<\/div>\n\t\t<\/section>\n\t\t\t\t<div class=\"elementor-element elementor-element-138c4e1 elementor-widget elementor-widget-heading\" data-id=\"138c4e1\" data-element_type=\"widget\" data-e-type=\"widget\" data-widget_type=\"heading.default\">\n\t\t\t\t<div class=\"elementor-widget-container\">\n\t\t\t\t\t<h1 class=\"elementor-heading-title elementor-size-default\">Ik zie jou en je mag er zijn<\/h1>\t\t\t\t<\/div>\n\t\t\t\t<\/div>\n\t\t\t\t<section class=\"elementor-section elementor-inner-section elementor-element elementor-element-efeb9e3 elementor-reverse-mobile elementor-section-boxed elementor-section-height-default elementor-section-height-default\" data-id=\"efeb9e3\" data-element_type=\"section\" data-e-type=\"section\">\n\t\t\t\t\t\t<div class=\"elementor-container elementor-column-gap-default\">\n\t\t\t\t\t<div class=\"elementor-column elementor-col-50 elementor-inner-column elementor-element elementor-element-0e75e1a\" data-id=\"0e75e1a\" data-element_type=\"column\" data-e-type=\"column\">\n\t\t\t<div class=\"elementor-widget-wrap elementor-element-populated\">\n\t\t\t\t\t\t<div class=\"elementor-element elementor-element-00d2d27 dw-linken elementor-widget elementor-widget-text-editor\" data-id=\"00d2d27\" data-element_type=\"widget\" data-e-type=\"widget\" data-widget_type=\"text-editor.default\">\n\t\t\t\t<div class=\"elementor-widget-container\">\n\t\t\t\t\t\t\t\t\t<p><em>Als bestuurder van Ingrado vind ik het een eer dat wij samen met onze collega-organisaties dit eerste Nederlands Congres Schoolaanwezigheid organiseerden. De missie van Ingrado luidt: opkomen voor het recht op onderwijs en ontwikkeling van jongeren. Dat doen we samen met onze leden en alle ketenpartners. Investeren in schoolaanwezigheid vloeit automatisch voort uit onze missie: het heeft een positief effect op het welzijn en het schoolsucces van jongeren.<\/em><\/p><p><em>Dit magazine is een terugblik op het prachtige congres. Het is ook een naslagwerk om er nog eens bij te pakken als we aan het werk zijn om onderwijs- en ontwikkelplekken voor \u00e1lle jongeren te organiseren.<\/em><\/p><p><em>Aanwezigheid gaat over een schoolklimaat waarin iedere jongere welkom is, gezien wordt en zich prettig voelt. Aanwezigheid gaat ook over de vraag hoe we jongeren weer terug naar school kunnen helpen of naar een andere ontwikkelplek. Aanwezigheid gaat over \u2018ik zie jou en je mag er zijn met alles wat je in je hebt en daar waar nodig ondersteun ik je\u2019. Aanwezigheid gaat ook over jongeren die \u00e9lkaar steunen om aanwezig te zijn. Zoals een jongere, die niet aanwezig kan zijn, zei: \u2018Ik zou willen dat school en mijn klasgenoten mij zouden laten weten dat zij aan mij dachten.\u2019 Als aanwezigheid het uitgangspunt is, wordt ieder kind gemist zodra hij of zij niet op school verschijnt. Wat de reden ook is.<\/em><\/p><p><em>Dank aan alle mensen die dit congres mogelijk hebben gemaakt en met veel inzet en passie hieraan hebben gewerkt. Speciale dank voor Johanna, Jo\u00ebl, Dana\u00eb, Elise, Myrthe, Melchior, Nils, Sanne, Zsa Zsa, Rom\u00e9e, Nikita, Andries, Mariska, Zovian, Luuk en Jynthe. Hun inbreng, als de stem van de jongere, was onmisbaar.<\/em><\/p><p><em>Hopelijk zal iedereen ge\u00efnspireerd verder werken aan het belangrijke thema Aanwezigheid. Veel plezier met het lezen van dit magazine.<\/em><\/p><p><em>Tot ziens!<\/em><\/p><p><strong><em>Corien van Starkenburg<\/em><\/strong><br \/><strong><em>Bestuurder Ingrado<\/em><\/strong><\/p>\t\t\t\t\t\t\t\t<\/div>\n\t\t\t\t<\/div>\n\t\t\t\t\t<\/div>\n\t\t<\/div>\n\t\t\t\t<div class=\"elementor-column elementor-col-50 elementor-inner-column elementor-element elementor-element-172a3cb\" data-id=\"172a3cb\" data-element_type=\"column\" data-e-type=\"column\">\n\t\t\t<div class=\"elementor-widget-wrap elementor-element-populated\">\n\t\t\t\t\t\t<div class=\"elementor-element elementor-element-73d37e9 elementor-widget elementor-widget-image\" data-id=\"73d37e9\" data-element_type=\"widget\" data-e-type=\"widget\" data-widget_type=\"image.default\">\n\t\t\t\t<div class=\"elementor-widget-container\">\n\t\t\t\t\t\t\t\t\t\t\t\t\t\t\t<img fetchpriority=\"high\" decoding=\"async\" width=\"600\" height=\"908\" src=\"https:\/\/on-the-spot.nl\/schoolaanwezigheid\/wp-content\/uploads\/2023\/11\/Ned-Congres-Schoolaanwezigheid-Low-Res-1-1.jpg\" class=\"attachment-large size-large wp-image-1999\" alt=\"\" \/>\t\t\t\t\t\t\t\t\t\t\t\t\t\t\t<\/div>\n\t\t\t\t<\/div>\n\t\t\t\t\t<\/div>\n\t\t<\/div>\n\t\t\t\t\t<\/div>\n\t\t<\/section>\n\t\t\t\t\t<\/div>\n\t\t<\/div>\n\t\t\t\t\t<\/div>\n\t\t<\/section>\n\t\t\t\t<\/div>\n\t\t","protected":false},"excerpt":{"rendered":"<p>Bekijk het e-zine met daarin een terugblik op het eerste Nederlands Congres Schoolaanwezigheid. Het is ook een naslagwerk om er nog eens bij te pakken als we aan het werk zijn om onderwijs- en ontwikkelplekken voor \u00e1lle jongeren te organiseren. <\/p>\n","protected":false},"author":1,"featured_media":2727,"parent":0,"menu_order":10,"comment_status":"closed","ping_status":"closed","template":"elementor_header_footer","meta":{"inline_featured_image":false,"footnotes":""},"class_list":["post-1959","page","type-page","status-publish","has-post-thumbnail","hentry"],"yoast_head":"<!-- This site is optimized with the Yoast SEO plugin v27.5 - https:\/\/yoast.com\/product\/yoast-seo-wordpress\/ -->\n<title>Voorwoord - Nederlands Congres Schoolaanwezigheid<\/title>\n<meta name=\"description\" content=\"Lees het e-zine over het RES-congres. Met een aftermovie, verslagen, presentaties en meer!\" \/>\n<meta name=\"robots\" content=\"index, follow, max-snippet:-1, max-image-preview:large, max-video-preview:-1\" \/>\n<link rel=\"canonical\" href=\"https:\/\/on-the-spot.nl\/schoolaanwezigheid\/voorwoord\/\" \/>\n<meta property=\"og:locale\" content=\"nl_NL\" \/>\n<meta property=\"og:type\" content=\"article\" \/>\n<meta property=\"og:title\" content=\"Voorwoord - Nederlands Congres Schoolaanwezigheid\" \/>\n<meta property=\"og:description\" content=\"Lees het e-zine over het RES-congres. Met een aftermovie, verslagen, presentaties en meer!\" \/>\n<meta property=\"og:url\" content=\"https:\/\/on-the-spot.nl\/schoolaanwezigheid\/voorwoord\/\" \/>\n<meta property=\"og:site_name\" content=\"Nederlands Congres Schoolaanwezigheid\" \/>\n<meta property=\"article:modified_time\" content=\"2023-12-01T12:12:43+00:00\" \/>\n<meta property=\"og:image\" content=\"https:\/\/on-the-spot.nl\/schoolaanwezigheid\/wp-content\/uploads\/2023\/11\/Voorwoord.png\" \/>\n\t<meta property=\"og:image:width\" content=\"831\" \/>\n\t<meta property=\"og:image:height\" content=\"601\" \/>\n\t<meta property=\"og:image:type\" content=\"image\/png\" \/>\n<meta name=\"twitter:card\" content=\"summary_large_image\" \/>\n<meta name=\"twitter:label1\" content=\"Geschatte leestijd\" \/>\n\t<meta name=\"twitter:data1\" content=\"2 minuten\" \/>\n<script type=\"application\/ld+json\" class=\"yoast-schema-graph\">{\"@context\":\"https:\\\/\\\/schema.org\",\"@graph\":[{\"@type\":\"WebPage\",\"@id\":\"https:\\\/\\\/on-the-spot.nl\\\/schoolaanwezigheid\\\/voorwoord\\\/\",\"url\":\"https:\\\/\\\/on-the-spot.nl\\\/schoolaanwezigheid\\\/voorwoord\\\/\",\"name\":\"Voorwoord - Nederlands Congres Schoolaanwezigheid\",\"isPartOf\":{\"@id\":\"https:\\\/\\\/on-the-spot.nl\\\/schoolaanwezigheid\\\/#website\"},\"primaryImageOfPage\":{\"@id\":\"https:\\\/\\\/on-the-spot.nl\\\/schoolaanwezigheid\\\/voorwoord\\\/#primaryimage\"},\"image\":{\"@id\":\"https:\\\/\\\/on-the-spot.nl\\\/schoolaanwezigheid\\\/voorwoord\\\/#primaryimage\"},\"thumbnailUrl\":\"https:\\\/\\\/on-the-spot.nl\\\/schoolaanwezigheid\\\/wp-content\\\/uploads\\\/2023\\\/11\\\/Voorwoord.png\",\"datePublished\":\"2023-11-01T14:08:45+00:00\",\"dateModified\":\"2023-12-01T12:12:43+00:00\",\"description\":\"Lees het e-zine over het RES-congres. Met een aftermovie, verslagen, presentaties en meer!\",\"breadcrumb\":{\"@id\":\"https:\\\/\\\/on-the-spot.nl\\\/schoolaanwezigheid\\\/voorwoord\\\/#breadcrumb\"},\"inLanguage\":\"nl-NL\",\"potentialAction\":[{\"@type\":\"ReadAction\",\"target\":[\"https:\\\/\\\/on-the-spot.nl\\\/schoolaanwezigheid\\\/voorwoord\\\/\"]}]},{\"@type\":\"ImageObject\",\"inLanguage\":\"nl-NL\",\"@id\":\"https:\\\/\\\/on-the-spot.nl\\\/schoolaanwezigheid\\\/voorwoord\\\/#primaryimage\",\"url\":\"https:\\\/\\\/on-the-spot.nl\\\/schoolaanwezigheid\\\/wp-content\\\/uploads\\\/2023\\\/11\\\/Voorwoord.png\",\"contentUrl\":\"https:\\\/\\\/on-the-spot.nl\\\/schoolaanwezigheid\\\/wp-content\\\/uploads\\\/2023\\\/11\\\/Voorwoord.png\",\"width\":831,\"height\":601},{\"@type\":\"BreadcrumbList\",\"@id\":\"https:\\\/\\\/on-the-spot.nl\\\/schoolaanwezigheid\\\/voorwoord\\\/#breadcrumb\",\"itemListElement\":[{\"@type\":\"ListItem\",\"position\":1,\"name\":\"Home\",\"item\":\"https:\\\/\\\/on-the-spot.nl\\\/schoolaanwezigheid\\\/\"},{\"@type\":\"ListItem\",\"position\":2,\"name\":\"Voorwoord\"}]},{\"@type\":\"WebSite\",\"@id\":\"https:\\\/\\\/on-the-spot.nl\\\/schoolaanwezigheid\\\/#website\",\"url\":\"https:\\\/\\\/on-the-spot.nl\\\/schoolaanwezigheid\\\/\",\"name\":\"Nederlands Congres Schoolaanwezigheid\",\"description\":\"Ge&iuml;nspireerd aan de slag\",\"potentialAction\":[{\"@type\":\"SearchAction\",\"target\":{\"@type\":\"EntryPoint\",\"urlTemplate\":\"https:\\\/\\\/on-the-spot.nl\\\/schoolaanwezigheid\\\/?s={search_term_string}\"},\"query-input\":{\"@type\":\"PropertyValueSpecification\",\"valueRequired\":true,\"valueName\":\"search_term_string\"}}],\"inLanguage\":\"nl-NL\"}]}<\/script>\n<!-- \/ Yoast SEO plugin. -->","yoast_head_json":{"title":"Voorwoord - Nederlands Congres Schoolaanwezigheid","description":"Lees het e-zine over het RES-congres. Met een aftermovie, verslagen, presentaties en meer!","robots":{"index":"index","follow":"follow","max-snippet":"max-snippet:-1","max-image-preview":"max-image-preview:large","max-video-preview":"max-video-preview:-1"},"canonical":"https:\/\/on-the-spot.nl\/schoolaanwezigheid\/voorwoord\/","og_locale":"nl_NL","og_type":"article","og_title":"Voorwoord - Nederlands Congres Schoolaanwezigheid","og_description":"Lees het e-zine over het RES-congres. Met een aftermovie, verslagen, presentaties en meer!","og_url":"https:\/\/on-the-spot.nl\/schoolaanwezigheid\/voorwoord\/","og_site_name":"Nederlands Congres Schoolaanwezigheid","article_modified_time":"2023-12-01T12:12:43+00:00","og_image":[{"width":831,"height":601,"url":"https:\/\/on-the-spot.nl\/schoolaanwezigheid\/wp-content\/uploads\/2023\/11\/Voorwoord.png","type":"image\/png"}],"twitter_card":"summary_large_image","twitter_misc":{"Geschatte leestijd":"2 minuten"},"schema":{"@context":"https:\/\/schema.org","@graph":[{"@type":"WebPage","@id":"https:\/\/on-the-spot.nl\/schoolaanwezigheid\/voorwoord\/","url":"https:\/\/on-the-spot.nl\/schoolaanwezigheid\/voorwoord\/","name":"Voorwoord - Nederlands Congres Schoolaanwezigheid","isPartOf":{"@id":"https:\/\/on-the-spot.nl\/schoolaanwezigheid\/#website"},"primaryImageOfPage":{"@id":"https:\/\/on-the-spot.nl\/schoolaanwezigheid\/voorwoord\/#primaryimage"},"image":{"@id":"https:\/\/on-the-spot.nl\/schoolaanwezigheid\/voorwoord\/#primaryimage"},"thumbnailUrl":"https:\/\/on-the-spot.nl\/schoolaanwezigheid\/wp-content\/uploads\/2023\/11\/Voorwoord.png","datePublished":"2023-11-01T14:08:45+00:00","dateModified":"2023-12-01T12:12:43+00:00","description":"Lees het e-zine over het RES-congres. Met een aftermovie, verslagen, presentaties en meer!","breadcrumb":{"@id":"https:\/\/on-the-spot.nl\/schoolaanwezigheid\/voorwoord\/#breadcrumb"},"inLanguage":"nl-NL","potentialAction":[{"@type":"ReadAction","target":["https:\/\/on-the-spot.nl\/schoolaanwezigheid\/voorwoord\/"]}]},{"@type":"ImageObject","inLanguage":"nl-NL","@id":"https:\/\/on-the-spot.nl\/schoolaanwezigheid\/voorwoord\/#primaryimage","url":"https:\/\/on-the-spot.nl\/schoolaanwezigheid\/wp-content\/uploads\/2023\/11\/Voorwoord.png","contentUrl":"https:\/\/on-the-spot.nl\/schoolaanwezigheid\/wp-content\/uploads\/2023\/11\/Voorwoord.png","width":831,"height":601},{"@type":"BreadcrumbList","@id":"https:\/\/on-the-spot.nl\/schoolaanwezigheid\/voorwoord\/#breadcrumb","itemListElement":[{"@type":"ListItem","position":1,"name":"Home","item":"https:\/\/on-the-spot.nl\/schoolaanwezigheid\/"},{"@type":"ListItem","position":2,"name":"Voorwoord"}]},{"@type":"WebSite","@id":"https:\/\/on-the-spot.nl\/schoolaanwezigheid\/#website","url":"https:\/\/on-the-spot.nl\/schoolaanwezigheid\/","name":"Nederlands Congres Schoolaanwezigheid","description":"Ge&iuml;nspireerd aan de slag","potentialAction":[{"@type":"SearchAction","target":{"@type":"EntryPoint","urlTemplate":"https:\/\/on-the-spot.nl\/schoolaanwezigheid\/?s={search_term_string}"},"query-input":{"@type":"PropertyValueSpecification","valueRequired":true,"valueName":"search_term_string"}}],"inLanguage":"nl-NL"}]}},"_links":{"self":[{"href":"https:\/\/on-the-spot.nl\/schoolaanwezigheid\/wp-json\/wp\/v2\/pages\/1959","targetHints":{"allow":["GET"]}}],"collection":[{"href":"https:\/\/on-the-spot.nl\/schoolaanwezigheid\/wp-json\/wp\/v2\/pages"}],"about":[{"href":"https:\/\/on-the-spot.nl\/schoolaanwezigheid\/wp-json\/wp\/v2\/types\/page"}],"author":[{"embeddable":true,"href":"https:\/\/on-the-spot.nl\/schoolaanwezigheid\/wp-json\/wp\/v2\/users\/1"}],"replies":[{"embeddable":true,"href":"https:\/\/on-the-spot.nl\/schoolaanwezigheid\/wp-json\/wp\/v2\/comments?post=1959"}],"version-history":[{"count":55,"href":"https:\/\/on-the-spot.nl\/schoolaanwezigheid\/wp-json\/wp\/v2\/pages\/1959\/revisions"}],"predecessor-version":[{"id":3329,"href":"https:\/\/on-the-spot.nl\/schoolaanwezigheid\/wp-json\/wp\/v2\/pages\/1959\/revisions\/3329"}],"wp:featuredmedia":[{"embeddable":true,"href":"https:\/\/on-the-spot.nl\/schoolaanwezigheid\/wp-json\/wp\/v2\/media\/2727"}],"wp:attachment":[{"href":"https:\/\/on-the-spot.nl\/schoolaanwezigheid\/wp-json\/wp\/v2\/media?parent=1959"}],"curies":[{"name":"wp","href":"https:\/\/api.w.org\/{rel}","templated":true}]}}